{"id":56,"date":"2023-09-25T21:30:25","date_gmt":"2023-09-25T21:30:25","guid":{"rendered":"https:\/\/bip.lowyn.schoolpage.pl\/?page_id=56"},"modified":"2024-10-22T09:02:06","modified_gmt":"2024-10-22T09:02:06","slug":"kontakt","status":"publish","type":"page","link":"https:\/\/bip.lowyn.schoolpage.pl\/index.php\/kontakt\/","title":{"rendered":"Kontakt"},"content":{"rendered":"\n<div class=\"wp-block-media-text is-stacked-on-mobile\" style=\"grid-template-columns:15% auto\"><figure class=\"wp-block-media-text__media\"><a href=\"https:\/\/www.google.pl\/maps\/@52.5003597,15.9090269,3a,75y,45.53h,100.82t\/data=!3m6!1e1!3m4!1s0WNoaf-iJsCKiHOMMi97Vw!2e0!7i13312!8i6656?entry=ttu\"><img loading=\"lazy\" decoding=\"async\" width=\"240\" height=\"240\" src=\"https:\/\/bip.lowyn.schoolpage.pl\/wp-content\/uploads\/2023\/09\/48-3.jpg\" alt=\"\" class=\"wp-image-79 size-full\" srcset=\"https:\/\/bip.lowyn.schoolpage.pl\/wp-content\/uploads\/2023\/09\/48-3.jpg 240w, https:\/\/bip.lowyn.schoolpage.pl\/wp-content\/uploads\/2023\/09\/48-3-150x150.jpg 150w, https:\/\/bip.lowyn.schoolpage.pl\/wp-content\/uploads\/2023\/09\/48-3-230x230.jpg 230w\" sizes=\"auto, (max-width: 240px) 100vw, 240px\" \/><\/a><\/figure><div class=\"wp-block-media-text__content\">\n<p><strong>Zesp\u00f3\u0142 Szkolno-Przedszkolny w \u0141owyniu<\/strong><br>ul. Szkolna 1<br>64-426 \u0141owy\u0144<br>tel: 957481925 &#8211; przedszkole, 957481982 &#8211; szko\u0142a<br>email: zsplowyn@oswiata-miedzychod.pl<\/p>\n<\/div><\/div>\n\n\n\n<iframe src=\"https:\/\/www.google.com\/maps\/embed?pb=!1m18!1m12!1m3!1d77722.02081164291!2d15.756829997265626!3d52.50062180000002!2m3!1f0!2f0!3f0!3m2!1i1024!2i768!4f13.1!3m3!1m2!1s0x470690101f6d2039%3A0xd26c1b916b54f853!2zWmVzcMOzxYIgU3prw7PFgiBpbS4gSmFuYSBQYXfFgmEgSUkgdyDFgW93eW5pdQ!5e0!3m2!1spl!2spl!4v1695679358814!5m2!1spl!2spl\" width=\"1200\" height=\"500\" style=\"border:0;\" allowfullscreen=\"\" loading=\"lazy\" referrerpolicy=\"no-referrer-when-downgrade\"><\/iframe>\n","protected":false},"excerpt":{"rendered":"<p>Zesp\u00f3\u0142 Szkolno-Przedszkolny w \u0141owyniuul. Szkolna 164-426 \u0141owy\u0144tel: 957481925 &#8211; przedszkole, 957481982 &#8211; szko\u0142aemail: zsplowyn@oswiata-miedzychod.pl<\/p>\n","protected":false},"author":1,"featured_media":0,"parent":0,"menu_order":0,"comment_status":"closed","ping_status":"closed","template":"","meta":{"footnotes":""},"class_list":["post-56","page","type-page","status-publish","hentry"],"_links":{"self":[{"href":"https:\/\/bip.lowyn.schoolpage.pl\/index.php\/wp-json\/wp\/v2\/pages\/56","targetHints":{"allow":["GET"]}}],"collection":[{"href":"https:\/\/bip.lowyn.schoolpage.pl\/index.php\/wp-json\/wp\/v2\/pages"}],"about":[{"href":"https:\/\/bip.lowyn.schoolpage.pl\/index.php\/wp-json\/wp\/v2\/types\/page"}],"author":[{"embeddable":true,"href":"https:\/\/bip.lowyn.schoolpage.pl\/index.php\/wp-json\/wp\/v2\/users\/1"}],"replies":[{"embeddable":true,"href":"https:\/\/bip.lowyn.schoolpage.pl\/index.php\/wp-json\/wp\/v2\/comments?post=56"}],"version-history":[{"count":7,"href":"https:\/\/bip.lowyn.schoolpage.pl\/index.php\/wp-json\/wp\/v2\/pages\/56\/revisions"}],"predecessor-version":[{"id":118,"href":"https:\/\/bip.lowyn.schoolpage.pl\/index.php\/wp-json\/wp\/v2\/pages\/56\/revisions\/118"}],"wp:attachment":[{"href":"https:\/\/bip.lowyn.schoolpage.pl\/index.php\/wp-json\/wp\/v2\/media?parent=56"}],"curies":[{"name":"wp","href":"https:\/\/api.w.org\/{rel}","templated":true}]}}