{"id":53,"date":"2023-09-25T21:29:58","date_gmt":"2023-09-25T21:29:58","guid":{"rendered":"https:\/\/bip.lowyn.schoolpage.pl\/?page_id=53"},"modified":"2024-10-23T08:17:06","modified_gmt":"2024-10-23T08:17:06","slug":"poznaj-nas","status":"publish","type":"page","link":"https:\/\/bip.lowyn.schoolpage.pl\/index.php\/poznaj-nas\/","title":{"rendered":"Poznaj nas"},"content":{"rendered":"\n<p><strong>Zesp\u00f3\u0142 Szkolno-Przedszkolny w \u0141owyniu<\/strong><br>ul. Szkolna 1<br>64-426 \u0141owy\u0144<br>Nr kier: 95 ; centrala:7481982 tel. bezp.: (95)7481982<br>Adres internetowy: bip.lowyn.schoolpage.pl<br>Adres e-mail: zsplowyn@oswiata-miedzychod.pl<br>gmina m. \u0141owy\u0144, woj. wielkopolskie<br>NIP: [5951442415]<br>KIEROWNIK JEDNOSTKI<br>Imi\u0119 i Nazwisko: Andrzej Papla<br>Czy pracownik Urz\u0119du: Tak<br>Poziom wykszta\u0142cenia: Wy\u017csze<\/p>\n\n\n\n<p><br><\/p>\n","protected":false},"excerpt":{"rendered":"<p>Zesp\u00f3\u0142 Szkolno-Przedszkolny w \u0141owyniuul. Szkolna 164-426 \u0141owy\u0144Nr kier: 95 ; centrala:7481982 tel. bezp.: (95)7481982Adres internetowy: bip.lowyn.schoolpage.plAdres e-mail: zsplowyn@oswiata-miedzychod.plgmina m. \u0141owy\u0144, woj. wielkopolskieNIP: [5951442415]KIEROWNIK JEDNOSTKIImi\u0119 i Nazwisko: Andrzej PaplaCzy pracownik Urz\u0119du: TakPoziom wykszta\u0142cenia: Wy\u017csze<\/p>\n","protected":false},"author":1,"featured_media":0,"parent":0,"menu_order":0,"comment_status":"closed","ping_status":"closed","template":"","meta":{"footnotes":""},"class_list":["post-53","page","type-page","status-publish","hentry"],"_links":{"self":[{"href":"https:\/\/bip.lowyn.schoolpage.pl\/index.php\/wp-json\/wp\/v2\/pages\/53","targetHints":{"allow":["GET"]}}],"collection":[{"href":"https:\/\/bip.lowyn.schoolpage.pl\/index.php\/wp-json\/wp\/v2\/pages"}],"about":[{"href":"https:\/\/bip.lowyn.schoolpage.pl\/index.php\/wp-json\/wp\/v2\/types\/page"}],"author":[{"embeddable":true,"href":"https:\/\/bip.lowyn.schoolpage.pl\/index.php\/wp-json\/wp\/v2\/users\/1"}],"replies":[{"embeddable":true,"href":"https:\/\/bip.lowyn.schoolpage.pl\/index.php\/wp-json\/wp\/v2\/comments?post=53"}],"version-history":[{"count":5,"href":"https:\/\/bip.lowyn.schoolpage.pl\/index.php\/wp-json\/wp\/v2\/pages\/53\/revisions"}],"predecessor-version":[{"id":124,"href":"https:\/\/bip.lowyn.schoolpage.pl\/index.php\/wp-json\/wp\/v2\/pages\/53\/revisions\/124"}],"wp:attachment":[{"href":"https:\/\/bip.lowyn.schoolpage.pl\/index.php\/wp-json\/wp\/v2\/media?parent=53"}],"curies":[{"name":"wp","href":"https:\/\/api.w.org\/{rel}","templated":true}]}}